{"id":172,"date":"2022-09-29T16:37:45","date_gmt":"2022-09-29T16:37:45","guid":{"rendered":"https:\/\/pozdroower.pl\/?page_id=172"},"modified":"2022-09-29T17:03:41","modified_gmt":"2022-09-29T17:03:41","slug":"elementor-172","status":"publish","type":"page","link":"https:\/\/pozdroower.pl\/index.php\/elementor-172\/","title":{"rendered":"O mnie"},"content":{"rendered":"\t\t<div data-elementor-type=\"wp-page\" data-elementor-id=\"172\" class=\"elementor elementor-172\" data-elementor-post-type=\"page\">\n\t\t\t\t\t\t<section class=\"elementor-section elementor-top-section elementor-element elementor-element-f80a7fe elementor-section-boxed elementor-section-height-default elementor-section-height-default\" data-id=\"f80a7fe\" data-element_type=\"section\">\n\t\t\t\t\t\t<div class=\"elementor-container elementor-column-gap-default\">\n\t\t\t\t\t<div class=\"elementor-column elementor-col-100 elementor-top-column elementor-element elementor-element-823b173\" data-id=\"823b173\" data-element_type=\"column\">\n\t\t\t<div class=\"elementor-widget-wrap elementor-element-populated\">\n\t\t\t\t\t\t<div class=\"elementor-element elementor-element-633710c elementor-widget elementor-widget-text-editor\" data-id=\"633710c\" data-element_type=\"widget\" data-widget_type=\"text-editor.default\">\n\t\t\t\t<div class=\"elementor-widget-container\">\n\t\t\t\t\t\t\t\t\t<p>Cze\u015b\u0107\u00a0<img decoding=\"async\" class=\"alignnone\" src=\"data:image\/svg+xml;base64,PHN2ZyB4bWxucz0iaHR0cDovL3d3dy53My5vcmcvMjAwMC9zdmciIHZpZXdCb3g9IjAgMCAzNiAzNiI+PHBhdGggZmlsbD0iI0VGOTY0NSIgZD0iTTQuODYxIDkuMTQ3Yy45NC0uNjU3IDIuMzU3LS41MzEgMy4yMDEuMTY2bC0uOTY4LTEuNDA3Yy0uNzc5LTEuMTExLS41LTIuMzEzLjYxMi0zLjA5MyAxLjExMi0uNzc3IDQuMjYzIDEuMzEyIDQuMjYzIDEuMzEyLS43ODYtMS4xMjItLjYzOS0yLjU0NC40ODMtMy4zMzEgMS4xMjItLjc4NCAyLjY3LS41MTMgMy40NTYuNjExbDEwLjQyIDE0LjcyTDI1IDMxbC0xMS4wODMtNC4wNDJMNC4yNSAxMi42MjVjLS43OTMtMS4xMjktLjUxOS0yLjY4Ni42MTEtMy40Nzh6Ii8+PHBhdGggZmlsbD0iI0ZGREM1RCIgZD0iTTIuNjk1IDE3LjMzNnMtMS4xMzItMS42NS41MTktMi43ODFjMS42NDktMS4xMzEgMi43OC41MTggMi43OC41MThsNS4yNTEgNy42NThjLjE4MS0uMzAyLjM3OS0uNi42LS44OTRMNC41NTcgMTEuMjFzLTEuMTMxLTEuNjQ5LjUxOS0yLjc4YzEuNjQ5LTEuMTMxIDIuNzguNTE4IDIuNzguNTE4bDYuODU1IDkuOTk3Yy4yNTUtLjIwOC41MTYtLjQxNy43ODUtLjYyMkw3LjU0OSA2LjczMnMtMS4xMzEtMS42NDkuNTE5LTIuNzhjMS42NDktMS4xMzEgMi43OC41MTggMi43OC41MThsNy45NDcgMTEuNTg5Yy4yOTItLjE3OS41ODEtLjMzNC44NzEtLjQ5OEwxMi4yMzggNC43MjlzLTEuMTMxLTEuNjQ5LjUxOC0yLjc4YzEuNjQ5LTEuMTMxIDIuNzguNTE4IDIuNzguNTE4bDcuODU0IDExLjQ1NCAxLjE5NCAxLjc0MmMtNC45NDggMy4zOTQtNS40MTkgOS43NzktMi41OTIgMTMuOTAyLjU2NS44MjUgMS4zOS4yNiAxLjM5LjI2LTMuMzkzLTQuOTQ5LTIuMzU3LTEwLjUxIDIuNTkyLTEzLjkwM0wyNC41MTUgOC42MnMtLjU0NS0xLjkyNCAxLjM3OC0yLjQ3YzEuOTI0LS41NDUgMi40NyAxLjM3OSAyLjQ3IDEuMzc5bDEuNjg1IDUuMDA0Yy42NjggMS45ODQgMS4zNzkgMy45NjEgMi4zMiA1LjgzMSAyLjY1NyA1LjI4IDEuMDcgMTEuODQyLTMuOTQgMTUuMjc5LTUuNDY1IDMuNzQ3LTEyLjkzNiAyLjM1NC0xNi42ODQtMy4xMUwyLjY5NSAxNy4zMzZ6Ii8+PGcgZmlsbD0iIzVEQURFQyI+PHBhdGggZD0iTTEyIDMyLjA0MkM4IDMyLjA0MiAzLjk1OCAyOCAzLjk1OCAyNGMwLS41NTMtLjQwNS0xLS45NTgtMXMtMS4wNDIuNDQ3LTEuMDQyIDFDMS45NTggMzAgNiAzNC4wNDIgMTIgMzQuMDQyYy41NTMgMCAxLS40ODkgMS0xLjA0MnMtLjQ0Ny0uOTU4LTEtLjk1OHoiLz48cGF0aCBkPSJNNyAzNGMtMyAwLTUtMi01LTUgMC0uNTUzLS40NDctMS0xLTFzLTEgLjQ0Ny0xIDFjMCA0IDMgNyA3IDcgLjU1MyAwIDEtLjQ0NyAxLTFzLS40NDctMS0xLTF6TTI0IDJjLS41NTIgMC0xIC40NDgtMSAxcy40NDggMSAxIDFjNCAwIDggMy41ODkgOCA4IDAgLjU1Mi40NDggMSAxIDFzMS0uNDQ4IDEtMWMwLTUuNTE0LTQtMTAtMTAtMTB6Ii8+PHBhdGggZD0iTTI5IC4wNDJjLS41NTIgMC0xIC40MDYtMSAuOTU4cy40NDggMS4wNDIgMSAxLjA0MmMzIDAgNC45NTggMi4yMjUgNC45NTggNC45NTggMCAuNTUyLjQ4OSAxIDEuMDQyIDFzLjk1OC0uNDQ4Ljk1OC0xQzM1Ljk1OCAzLjE2MyAzMyAuMDQyIDI5IC4wNDJ6Ii8+PC9nPjwvc3ZnPg==\" alt=\"1f44b.svg\" width=\"20\" height=\"20\" \/>,\u00a0mam na imi\u0119 Marlena i w\u0142a\u015bnie si\u0119 zorientowa\u0142am, \u017ce mam jeszcze troch\u0119 wolnego czasu pomi\u0119dzy prac\u0105, a obejrzeniem nowego odcinka Kuchennych Rewolucji. Skoro tutaj zajrza\u0142e\u015b\/zajrza\u0142a\u015b to prawdopodobnie jeste\u015b tu pierwszy raz i mam nadziej\u0119, \u017ce nie ostatni. Pewnie zainteresowa\u0142o Ci\u0119 o co tak naprawd\u0119 chodzi z <i>pozdrower.pl<\/i> \ud83d\ude09<\/p><p>Z\u00a0 racji tego, \u017ce w Krakowie mieszkam ju\u017c\u00a09 lat, wi\u0119kszo\u015b\u0107\u00a0moich rowerowych wypad\u00f3w bli\u017cszych czy dalszych rozpoczyna si\u0119 w\u0142a\u015bnie w tym oto mie\u015bcie (moim ulubionym). Na co dzie\u0144 tzw. \u201ckorpo \u017cycie\u201d, a po korpo, rower i zdj\u0119cia. A jak rower, to wiadomo, \u017ce super zabawa, kawa, wino i jedzenie!\u00a0<img decoding=\"async\" class=\"\" src=\"data:image\/svg+xml;base64,PHN2ZyB4bWxucz0iaHR0cDovL3d3dy53My5vcmcvMjAwMC9zdmciIHZpZXdCb3g9IjAgMCAzNiAzNiI+PHBhdGggZmlsbD0iI0REMkU0NCIgZD0iTTM1Ljg4NSAxMS44MzNjMC01LjQ1LTQuNDE4LTkuODY4LTkuODY3LTkuODY4LTMuMzA4IDAtNi4yMjcgMS42MzMtOC4wMTggNC4xMjktMS43OTEtMi40OTYtNC43MS00LjEyOS04LjAxNy00LjEyOS01LjQ1IDAtOS44NjggNC40MTctOS44NjggOS44NjggMCAuNzcyLjA5OCAxLjUyLjI2NiAyLjI0MUMxLjc1MSAyMi41ODcgMTEuMjE2IDMxLjU2OCAxOCAzNC4wMzRjNi43ODMtMi40NjYgMTYuMjQ5LTExLjQ0NyAxNy42MTctMTkuOTU5LjE3LS43MjEuMjY4LTEuNDY5LjI2OC0yLjI0MnoiLz48L3N2Zz4=\" alt=\"2764.svg\" width=\"20\" height=\"20\" \/>\u00a0A zatem wracaj\u0105c do tego, o co tak w\u0142a\u015bciwie tutaj chodzi\u2026 chcia\u0142abym Ci pokaza\u0107, \u017ce wsiadaj\u0105c na rower mo\u017cesz nim przejecha\u0107 kawa\u0142 fajnych \u015bcie\u017cek i zobaczy\u0107 super miejsca kolekcjonuj\u0105c jeszcze lepsze wspomnienia &#8211; r\u00f3wnie\u017c na talerzu! Nie spodziewaj si\u0119 tutaj szybkiej jazdy na czas, bicia rekord\u00f3w i zdobywania \u00a0<img decoding=\"async\" class=\"\" src=\"data:image\/svg+xml;base64,PHN2ZyB4bWxucz0iaHR0cDovL3d3dy53My5vcmcvMjAwMC9zdmciIHZpZXdCb3g9IjAgMCAzNiAzNiI+PHBhdGggZmlsbD0iI0Y0OTAwQyIgZD0iTTE0LjE3NCAxNy4wNzVMNi43NSA3LjU5NGwtMy43MjIgOS40ODF6Ii8+PHBhdGggZmlsbD0iI0Y0OTAwQyIgZD0iTTE3LjkzOCA1LjUzNGwtNi41NjMgMTIuMzg5SDI0LjV6Ii8+PHBhdGggZmlsbD0iI0Y0OTAwQyIgZD0iTTIxLjgyNiAxNy4wNzVsNy40MjQtOS40ODEgMy43MjIgOS40ODF6Ii8+PHBhdGggZmlsbD0iI0ZGQ0M0RCIgZD0iTTI4LjY2OSAxNS4xOUwyMy44ODcgMy41MjNsLTUuODggMTEuNjY4LS4wMDcuMDAzLS4wMDctLjAwNC01Ljg4LTExLjY2OEw3LjMzMSAxNS4xOUM0LjE5NyAxMC44MzMgMS4yOCA4LjA0MiAxLjI4IDguMDQyUzMgMjAuNzUgMyAzM2gzMGMwLTEyLjI1IDEuNzItMjQuOTU4IDEuNzItMjQuOTU4cy0yLjkxNyAyLjc5MS02LjA1MSA3LjE0OHoiLz48Y2lyY2xlIGZpbGw9IiM1QzkxM0IiIGN4PSIxNy45NTciIGN5PSIyMiIgcj0iMy42ODgiLz48Y2lyY2xlIGZpbGw9IiM5ODFDRUIiIGN4PSIyNi40NjMiIGN5PSIyMiIgcj0iMi40MTIiLz48Y2lyY2xlIGZpbGw9IiNERDJFNDQiIGN4PSIzMi44NTIiIGN5PSIyMiIgcj0iMS45ODYiLz48Y2lyY2xlIGZpbGw9IiM5ODFDRUIiIGN4PSI5LjQ1IiBjeT0iMjIiIHI9IjIuNDEyIi8+PGNpcmNsZSBmaWxsPSIjREQyRTQ0IiBjeD0iMy4wNjEiIGN5PSIyMiIgcj0iMS45ODYiLz48cGF0aCBmaWxsPSIjRkZBQzMzIiBkPSJNMzMgMzRIM2MtLjU1MiAwLTEtLjQ0Ny0xLTFzLjQ0OC0xIDEtMWgzMGMuNTUzIDAgMSAuNDQ3IDEgMXMtLjQ0NyAxLTEgMXptMC0zLjQ4NkgzYy0uNTUyIDAtMS0uNDQ3LTEtMXMuNDQ4LTEgMS0xaDMwYy41NTMgMCAxIC40NDcgMSAxcy0uNDQ3IDEtMSAxeiIvPjxjaXJjbGUgZmlsbD0iI0ZGQ0M0RCIgY3g9IjEuNDQ3IiBjeT0iOC4wNDIiIHI9IjEuNDA3Ii8+PGNpcmNsZSBmaWxsPSIjRjQ5MDBDIiBjeD0iNi43NSIgY3k9IjcuNTk0IiByPSIxLjE5MiIvPjxjaXJjbGUgZmlsbD0iI0ZGQ0M0RCIgY3g9IjEyLjExMyIgY3k9IjMuNTIzIiByPSIxLjc4NCIvPjxjaXJjbGUgZmlsbD0iI0ZGQ0M0RCIgY3g9IjM0LjU1MyIgY3k9IjguMDQyIiByPSIxLjQwNyIvPjxjaXJjbGUgZmlsbD0iI0Y0OTAwQyIgY3g9IjI5LjI1IiBjeT0iNy41OTQiIHI9IjEuMTkyIi8+PGNpcmNsZSBmaWxsPSIjRkZDQzREIiBjeD0iMjMuODg3IiBjeT0iMy41MjMiIHI9IjEuNzg0Ii8+PGNpcmNsZSBmaWxsPSIjRjQ5MDBDIiBjeD0iMTcuOTM4IiBjeT0iNS41MzQiIHI9IjEuNzg0Ii8+PC9zdmc+\" alt=\"1f451.svg\" width=\"20\" height=\"20\" \/>\u00a0na stravie.<\/p><p>Pozdroower.pl to cycling &amp; fun \ud83d\ude09\u00a0<\/p><p>Do zobaczenia na trasie,<br \/>Pozdroower\u00a0<img loading=\"lazy\" decoding=\"async\" class=\"\" src=\"data:image\/svg+xml;base64,PHN2ZyB4bWxucz0iaHR0cDovL3d3dy53My5vcmcvMjAwMC9zdmciIHZpZXdCb3g9IjAgMCAzNiAzNiI+PHBhdGggZmlsbD0iI0VBNTk2RSIgZD0iTTcgMjRjMS45NTcgMCAzLjYzMyAxLjEzNSA0LjQ1NSAyLjc3MmwzLjQ3Ny0xLjczOUMxMy40ODggMjIuMDU4IDEwLjQ0NiAyMCA2LjkxNiAyMGMtMS4zMDEgMC0yLjUzNC4yODUtMy42NDkuNzg3bDEuNjY4IDMuNjdDNS41NjYgMjQuMTcgNi4yNjIgMjQgNyAyNHptMjIgMGMxLjQ2NyAwIDIuNzcyLjY0MyAzLjY4OCAxLjY0OGwyLjg5Ny0yLjYzNUMzMy45NTIgMjEuMTY5IDMxLjU3MyAyMCAyOC45MTYgMjBjLTMuNTc2IDAtNi42NTIgMi4xMTEtOC4wNzMgNS4xNWwzLjY0OCAxLjcyMkMyNS4yOTMgMjUuMTggMjcuMDAzIDI0IDI5IDI0eiIvPjxwYXRoIGZpbGw9IiMyOTJGMzMiIGQ9Ik03IDIyYy0zLjg2NiAwLTcgMy4xMzQtNyA3czMuMTM0IDcgNyA3IDctMy4xMzQgNy03LTMuMTMzLTctNy03em0wIDEyYy0yLjc2MSAwLTUtMi4yMzgtNS01czIuMjM5LTUgNS01IDUgMi4yMzggNSA1LTIuMjM4IDUtNSA1em0yMi0xMmMtMy44NjUgMC03IDMuMTM0LTcgN3MzLjEzNSA3IDcgN2MzLjg2NyAwIDctMy4xMzQgNy03cy0zLjEzMy03LTctN3ptMCAxMmMtMi43NjEgMC01LTIuMjM4LTUtNXMyLjIzOS01IDUtNWMyLjc2MiAwIDUgMi4yMzggNSA1cy0yLjIzOCA1LTUgNXoiLz48cGF0aCBmaWxsPSIjREQyRTQ0IiBkPSJNMjkuOTg0IDI4LjkyMmMtLjAwNS0uMDY3LS4wMjEtLjEzMi0uMDQtLjE5OC0uMDE5LS4wNjUtLjA0LS4xMjYtLjA3MS0uMTg2LS4wMTMtLjAyNC0uMDE1LS4wNTItLjAyOS0uMDc1bC03LTExYy0uMjk3LS40NjYtLjkxNC0uNjA0LTEuMzgxLS4zMDctLjI5OS4xOS0uNDQ0LjUxMy0uNDQ1Ljg0M0gxMmMtLjU1MiAwLTEgLjQ0Ny0xIDEgMCAuNTUzLjQ0OCAxIDEgMWgxMGMuMDI3IDAgLjA1LS4wMTQuMDc3LS4wMTZMMjcuMTc4IDI4SDE4Yy0uNTUyIDAtMSAuNDQ3LTEgMXMuNDQ4IDEgMSAxaDExLjAwMWMuMTE2IDAgLjIzLS4wMjguMzQzLS4wNjkuMDM0LS4wMTMuMDY0LS4wMjcuMDk3LS4wNDMuMDMxLS4wMTcuMDY2LS4wMjQuMDk3LS4wNDQuMDMtLjAyLjA0OC0uMDUxLjA3NS0uMDcyLjA1NS0uMDQ0LjEwMy0uMDg5LjE0Ny0uMTQzLjA0MS0uMDQ5LjA3NC0uMDk5LjEwNC0uMTU0LjAzLS4wNTYuMDU1LS4xMS4wNzUtLjE3Mi4wMjEtLjA2Ni4wMzMtLjEzMi4wNC0uMjAxLjAwNC0uMDM2LjAyMS0uMDY2LjAyMS0uMTAyIDAtLjAyNy0uMDE0LS4wNTEtLjAxNi0uMDc4eiIvPjxwYXRoIGZpbGw9IiNERDJFNDQiIGQ9Ik0yMS41ODEgMTZsLTIuODk5IDguMTE3LTUuOTI5LTYuNzc1Yy0uMzY0LS40MTUtLjk5Ni0uNDU5LTEuNDExLS4wOTQtLjQxNS4zNjQtLjQ1Ny45OTUtLjA5NCAxLjQxMWw2LjY2NCA3LjYxNS0uODU0IDIuMzljLS4xODUuNTE5LjA4NiAxLjA5Mi42MDYgMS4yNzcuMTExLjA0LjIyNC4wNTkuMzM2LjA1OS40MTEgMCAuNzk2LS4yNTUuOTQyLS42NjRMMjMuNzA1IDE2aC0yLjEyNHoiLz48cGF0aCBmaWxsPSIjREQyRTQ0IiBkPSJNNyAzMGMtLjE1IDAtLjMwMy0uMDM0LS40NDYtLjEwNS0uNDk0LS4yNDctLjY5NC0uODQ4LS40NDctMS4zNDJsMy4wNjItNi4xMDZDOS4xODYgMjIuNDE5IDExIDE5LjY1MSAxMSAxN2MwLTMuMjQyLTIuMjkzLTQuMDQzLTIuMzE2LTQuMDUxLS41MjQtLjE3NS0uODA3LS43NDEtLjYzMi0xLjI2NS4xNzQtLjUyNC43MzktLjgxIDEuMjY1LS42MzJDOS40NjcgMTEuMTAyIDEzIDEyLjMzMyAxMyAxN2MwIDMuMDY4LTEuODM2IDYuMDQyLTIuMTMxIDYuNDk3bC0yLjk3NCA1Ljk0OUM3LjcyIDI5Ljc5OCA3LjM2NyAzMCA3IDMweiIvPjxwYXRoIGZpbGw9IiMyOTJGMzMiIGQ9Ik0xNC42MTIgMTMuNjYzYy0uMDU0IDAtLjExLS4wMDQtLjE2NS0uMDE0bC02LTFjLS41NDQtLjA5MS0uOTEzLS42MDYtLjgyMi0xLjE1MS4wOTEtLjU0NC42MDEtLjkxMyAxLjE1MS0uODIybDYgMWMuNTQ0LjA5MS45MTMuNjA2LjgyMiAxLjE1MS0uMDgyLjQ4OS0uNTA2LjgzNi0uOTg2LjgzNnpNMjYuMzgzIDE3Yy0uMDMgMC0uMDU5LS4wMDItLjA4OS0uMDA2bC01LjY3Mi0uNzA4Yy0uMzcyLS4wNDYtLjY0NC0uMzc0LS42Mi0uNzQ4LjAyMy0uMzc0LjMzMy0uNjY1LjcwNy0uNjY1LjA0MSAwIDQuMDY3LS4wMTggNS45ODktMS4yOTkuMjUtLjE2Ny41ODItLjE1Ny44MjQuMDI2LjIzOS4xODUuMzM3LjUwMS4yNDEuNzg4bC0uNzA5IDIuMTI3Yy0uMDk2LjI5My0uMzY5LjQ4NS0uNjcxLjQ4NXoiLz48cGF0aCBmaWxsPSIjNjY3NTdGIiBkPSJNMjAgMjljMCAxLjEwNC0uODk1IDItMiAyLTEuMTA0IDAtMi0uODk2LTItMnMuODk2LTIgMi0yYzEuMTA1IDAgMiAuODk2IDIgMnoiLz48L3N2Zz4=\" alt=\"1f6b2.svg\" width=\"20\" height=\"20\" \/><\/p><p>PS: rowerowe\u00a0<img loading=\"lazy\" decoding=\"async\" class=\"\" src=\"data:image\/svg+xml;base64,PHN2ZyB4bWxucz0iaHR0cDovL3d3dy53My5vcmcvMjAwMC9zdmciIHZpZXdCb3g9IjAgMCAzNiAzNiI+PHBhdGggZmlsbD0iIzY2NzU3RiIgZD0iTTQgNXMwLTEgMS0xaDZzMSAwIDEgMXYySDRWNXoiLz48cGF0aCBmaWxsPSIjMzEzNzNEIiBkPSJNMCAxMHMwLTQgNC00aDI4czQgMCA0IDR2MThzMCA0LTQgNEg0cy00IDAtNC00VjEweiIvPjxjaXJjbGUgZmlsbD0iI0NDRDZERCIgY3g9IjIxIiBjeT0iMTkiIHI9IjEwIi8+PGNpcmNsZSBmaWxsPSIjMzEzNzNEIiBjeD0iMjEiIGN5PSIxOSIgcj0iOCIvPjxjaXJjbGUgZmlsbD0iIzNCODhDMyIgY3g9IjIxIiBjeT0iMTkiIHI9IjUiLz48Y2lyY2xlIGZpbGw9IiNGRkYiIGN4PSIzMi41IiBjeT0iOS41IiByPSIxLjUiLz48cGF0aCBmaWxsPSIjRjVGOEZBIiBkPSJNMTIgOS41YzAgLjgyOS0uNjcxIDEuNS0xLjUgMS41aC01QzQuNjcxIDExIDQgMTAuMzI5IDQgOS41UzQuNjcxIDggNS41IDhoNWMuODI5IDAgMS41LjY3MSAxLjUgMS41eiIvPjwvc3ZnPg==\" alt=\"1f4f7.svg\" width=\"20\" height=\"20\" \/>\u00a0\u00a0wkr\u00f3tce \ud83d\ude09\u00a0<\/p>\t\t\t\t\t\t\t\t<\/div>\n\t\t\t\t<\/div>\n\t\t\t\t\t<\/div>\n\t\t<\/div>\n\t\t\t\t\t<\/div>\n\t\t<\/section>\n\t\t\t\t<\/div>\n\t\t","protected":false},"excerpt":{"rendered":"<p>Cze\u015b\u0107\u00a0,\u00a0mam na imi\u0119 Marlena i w\u0142a\u015bnie si\u0119 zorientowa\u0142am, \u017ce mam jeszcze troch\u0119 wolnego czasu pomi\u0119dzy prac\u0105, a obejrzeniem nowego odcinka Kuchennych Rewolucji. Skoro tutaj zajrza\u0142e\u015b\/zajrza\u0142a\u015b&#8230;<\/p>\n","protected":false},"author":1,"featured_media":0,"parent":0,"menu_order":0,"comment_status":"closed","ping_status":"closed","template":"","meta":{"_themeisle_gutenberg_block_has_review":false,"footnotes":""},"class_list":["post-172","page","type-page","status-publish","hentry"],"_links":{"self":[{"href":"https:\/\/pozdroower.pl\/index.php\/wp-json\/wp\/v2\/pages\/172","targetHints":{"allow":["GET"]}}],"collection":[{"href":"https:\/\/pozdroower.pl\/index.php\/wp-json\/wp\/v2\/pages"}],"about":[{"href":"https:\/\/pozdroower.pl\/index.php\/wp-json\/wp\/v2\/types\/page"}],"author":[{"embeddable":true,"href":"https:\/\/pozdroower.pl\/index.php\/wp-json\/wp\/v2\/users\/1"}],"replies":[{"embeddable":true,"href":"https:\/\/pozdroower.pl\/index.php\/wp-json\/wp\/v2\/comments?post=172"}],"version-history":[{"count":44,"href":"https:\/\/pozdroower.pl\/index.php\/wp-json\/wp\/v2\/pages\/172\/revisions"}],"predecessor-version":[{"id":235,"href":"https:\/\/pozdroower.pl\/index.php\/wp-json\/wp\/v2\/pages\/172\/revisions\/235"}],"wp:attachment":[{"href":"https:\/\/pozdroower.pl\/index.php\/wp-json\/wp\/v2\/media?parent=172"}],"curies":[{"name":"wp","href":"https:\/\/api.w.org\/{rel}","templated":true}]}}